What are the prime factors of 7233?
3, 2411
List the prime factors of 10924.
2, 2731
List the prime factors of 42491.
42491
What are the prime factors of 10620?
2, 3, 5, 59
What are the prime factors of 623?
7, 89
List the prime factors of 11559.
3, 3853
List the prime factors of 3783.
3, 13, 97
List the prime factors of 21480.
2, 3, 5, 179
What are the prime factors of 1426?
2, 23, 31
List the prime factors of 462.
2, 3, 7, 11
What are the prime factors of 1490?
2, 5, 149
List the prime factors of 104.
2, 13
List the prime factors of 2326.
2, 1163
List the prime factors of 32978.
2, 11, 1499
What are the prime factors of 37097?
37097
What are the prime factors of 639?
3, 71
List the prime factors of 64192.
2, 17, 59
What are the prime factors of 11677?
11677
What are the prime factors of 5168?
2, 17, 19
List the prime factors of 51011.
29, 1759
What are the prime factors of 4732?
2, 7, 13
List the prime factors of 13308.
2, 3, 1109
List the prime factors of 2002.
2, 7, 11, 13
List the prime factors of 23614.
2, 11807
What are the prime factors of 169?
13
List the prime factors of 1612.
2, 13, 31
List the prime factors of 6075.
3, 5
List the prime factors of 5137.
11, 467
List the prime factors of 62188.
2, 7, 2221
What are the prime factors of 51562?
2, 7, 29, 127
List the prime factors of 36216.
2, 3, 503
What are the prime factors of 12328?
2, 23, 67
What are the prime factors of 1718?
2, 859
What are the prime factors of 535?
5, 107
List the prime factors of 1344.
2, 3, 7
What are the prime factors of 81?
3
List the prime factors of 5168.
2, 17, 19
What are the prime factors of 11676?
2, 3, 7, 139
List the prime factors of 2348.
2, 587
List the prime factors of 26576.
2, 11, 151
What are the prime factors of 3464?
2, 433
List the prime factors of 16.
2
List the prime factors of 1049.
1049
What are the prime factors of 7188?
2, 3, 599
What are the prime factors of 82?
2, 41
List the prime factors of 7830.
2, 3, 5, 29
List the prime factors of 562.
2, 281
List the prime factors of 29.
29
What are the prime factors of 904?
2, 113
List the prime factors of 34381.
34381
What are the prime factors of 1726?
2, 863
List the prime factors of 1620.
2, 3, 5
What are the prime factors of 413?
7, 59
List the prime factors of 21574.
2, 7, 23, 67
List the prime factors of 50.
2, 5
What are the prime factors of 143431?
19, 7549
What are the prime factors of 693?
3, 7, 11
List the prime factors of 1373.
1373
What are the prime factors of 38712?
2, 3, 1613
List the prime factors of 912.
2, 3, 19
List the prime factors of 1036.
2, 7, 37
List the prime factors of 56878.
2, 28439
List the prime factors of 20808.
2, 3, 17
List the prime factors of 9547.
9547
What are the prime factors of 875?
5, 7
List the prime factors of 28685.
5, 5737
What are the prime factors of 2101?
11, 191
What are the prime factors of 66543?
3, 41, 541
What are the prime factors of 470?
2, 5, 47
What are the prime factors of 18993?
3, 13, 487
List the prime factors of 26504.
2, 3313
What are the prime factors of 5989?
53, 113
What are the prime factors of 1157?
13, 89
What are the prime factors of 9721?
9721
What are the prime factors of 3516?
2, 3, 293
What are the prime factors of 4972?
2, 11, 113
What are the prime factors of 3518?
2, 1759
What are the prime factors of 3239?
41, 79
List the prime factors of 9415.
5, 7, 269
List the prime factors of 3901.
47, 83
List the prime factors of 822.
2, 3, 137
What are the prime factors of 62723?
62723
List the prime factors of 5076.
2, 3, 47
List the prime factors of 1120.
2, 5, 7
What are the prime factors of 3520?
2, 5, 11
What are the prime factors of 37893?
3, 17, 743
What are the prime factors of 679?
7, 97
What are the prime factors of 226?
2, 113
What are the prime factors of 1451?
1451
What are the prime factors of 51360?
2, 3, 5, 107
What are the prime factors of 124730?
2, 5, 12473
List the prime factors of 19780.
2, 5, 23, 43
List the prime factors of 1597.
1597
List the prime factors of 4021.
4021
What are the prime factors of 9875?
5, 79
List the prime factors of 1652.
2, 7, 59
List the prime factors of 806.
2, 13, 31
What are the prime factors of 4754?
2, 2377
What are the prime factors of 2118?
2, 3, 353
What are the prime factors of 8719?
8719
List the prime factors of 8856.
2, 3, 41
What are the prime factors of 54063?
3, 6007
What are the prime factors of 39970?
2, 5, 7, 571
List the prime factors of 35765.
5, 23, 311
List the prime factors of 5235.
3, 5, 349
List the prime factors of 5038.
2, 11, 229
List the prime factors of 3136.
2, 7
What are the prime factors of 402?
2, 3, 67
List the prime factors of 2979.
3, 331
List the prime factors of 3677.
3677
List the prime factors of 9579.
3, 31, 103
List the prime factors of 104539.
107, 977
List the prime factors of 12501.
3, 463
List the prime factors of 19102.
2, 9551
What are the prime factors of 30617?
17, 1801
What are the prime factors of 1845?
3, 5, 41
What are the prime factors of 2272?
2, 71
List the prime factors of 6182.
2, 11, 281
List the prime factors of 1996.
2, 499
What are the prime factors of 1062?
2, 3, 59
List the prime factors of 10828.
2, 2707
What are the prime factors of 143008?
2, 41, 109
List the prime factors of 6679.
6679
List the prime factors of 55.
5, 11
List the prime factors of 11745.
3, 5, 29
List the prime factors of 2413.
19, 127
List the prime factors of 7972.
2, 1993
What are the prime factors of 20870?
2, 5, 2087
List the prime factors of 49295.
5, 9859
What are the prime factors of 2350?
2, 5, 47
What are the prime factors of 63698?
2, 31849
What are the prime factors of 3161?
29, 109
List the prime factors of 1080.
2, 3, 5
List the prime factors of 394.
2, 197
What are the prime factors of 6034?
2, 7, 431
List the prime factors of 23480.
2, 5, 587
List the prime factors of 11607.
3, 53, 73
What are the prime factors of 73235?
5, 97, 151
What are the prime factors of 843?
3, 281
List the prime factors of 2379.
3, 13, 61
List the prime factors of 512.
2
What are the prime factors of 1098?
2, 3, 61
What are the prime factors of 7744?
2, 11
What are the prime factors of 14131?
13, 1087
List the prime factors of 691.
691
What are the prime factors of 2695?
5, 7, 11
List the prime factors of 69748.
2, 7, 47, 53
What are the prime factors of 64839?
3, 21613
List the prime factors of 343.
7
List the prime factors of 14016.
2, 3, 73
List the prime factors of 64147.
23, 2789
List the prime factors of 754.
2, 13, 29
What are the prime factors of 136565?
5, 11, 13, 191
What are the prime factors of 24586?
2, 19, 647
What are the prime factors of 156342?
2, 3, 71, 367
What are the prime factors of 996?
2, 3, 83
List the prime factors of 112970.
2, 5, 11, 13, 79
What are the prime factors of 19700?
2, 5, 197
What are the prime factors of 48147?
3, 11, 1459
List the prime factors of 51083.
23, 2221
List the prime factors of 22179.
3, 7393
What are the prime factors of 8462?
2, 4231
List the prime factors of 30400.
2, 5, 19
List the prime factors of 249.
3, 83
What are the prime factors of 4257?
3, 11, 43
List the prime factors of 33875.
5, 271
What are the prime factors of 10140?
2, 3, 5, 13
What are the prime factors of 52554?
2, 3, 19, 461
List the prime factors of 5496.
2, 3, 229
What are the prime factors of 6402?
2, 3, 11, 97
List the prime factors of 1148.
2, 7, 41
What are the prime factors of 422?
2, 211
List the prime factors of 35803.
35803
List the prime factors of 773.
773
List the prime factors of 854.
2, 7, 61
List the prime factors of 2445.
3, 5, 163
List the prime factors of 1513.
17, 89
What are the prime factors of 900?
2, 3, 5
List the prime factors of 32793.
3, 17, 643
List the prime factors of 3554.
2, 1777
List the prime factors of 421.
421
What are the prime factors of 1050?
2, 3, 5, 7
What are the prime factors of 18990?
2, 3, 5, 211
What are the prime factors of 16954?
2, 7, 173
What are the prime factors of 5676?
2, 3, 11, 43
What are the prime factors of 462?
2, 3, 7, 11
What are the prime factors of 5904?
2, 3, 41
What are the prime factors of 9855?
3, 5, 73
What are the prime factors of 4883?
19, 257
List the prime factors of 14047.
11, 1277
What are the prime factors of 22477?
7, 13, 19
What are the prime factors 